{"id":120,"date":"2022-03-01T16:24:15","date_gmt":"2022-03-01T15:24:15","guid":{"rendered":"https:\/\/www.4itk.de\/shop\/?post_type=product&#038;p=120"},"modified":"2026-04-22T08:05:31","modified_gmt":"2026-04-22T06:05:31","slug":"kasse-mini","status":"publish","type":"product","link":"https:\/\/www.4itk.de\/shop\/produkt\/kasse-mini\/","title":{"rendered":"Kasse Mini"},"content":{"rendered":"<p>Das POS-Terminal T2 mini \u00fcberzeugt mit seiner leistungsstarken Prozessortechnologie, etwa mit dem DDR3 Arbeitsspeicher, einem hochaufl\u00f6sendem Touchscreen-Display, das multitouchf\u00e4hig ist bei einer Standfl\u00e4che von gerade einmal 29 x 29 cm.<\/p>\n","protected":false},"excerpt":{"rendered":"<p>64-Bit Qualcomm Snapdragon<\/p>\n<p>Octacore (8 Kerne mit jeweils 1,7 GHz)<\/p>\n<p>1 GB DDR3 RAM und 8 GB eMMC5<\/p>\n","protected":false},"featured_media":103,"comment_status":"open","ping_status":"closed","template":"","meta":{"_et_pb_use_builder":"","_et_pb_old_content":"","_et_gb_content_width":""},"product_cat":[24],"product_tag":[],"class_list":["post-120","product","type-product","status-publish","has-post-thumbnail","hentry","product_cat-mini"],"_links":{"self":[{"href":"https:\/\/www.4itk.de\/shop\/wp-json\/wp\/v2\/product\/120","targetHints":{"allow":["GET"]}}],"collection":[{"href":"https:\/\/www.4itk.de\/shop\/wp-json\/wp\/v2\/product"}],"about":[{"href":"https:\/\/www.4itk.de\/shop\/wp-json\/wp\/v2\/types\/product"}],"replies":[{"embeddable":true,"href":"https:\/\/www.4itk.de\/shop\/wp-json\/wp\/v2\/comments?post=120"}],"wp:featuredmedia":[{"embeddable":true,"href":"https:\/\/www.4itk.de\/shop\/wp-json\/wp\/v2\/media\/103"}],"wp:attachment":[{"href":"https:\/\/www.4itk.de\/shop\/wp-json\/wp\/v2\/media?parent=120"}],"wp:term":[{"taxonomy":"product_cat","embeddable":true,"href":"https:\/\/www.4itk.de\/shop\/wp-json\/wp\/v2\/product_cat?post=120"},{"taxonomy":"product_tag","embeddable":true,"href":"https:\/\/www.4itk.de\/shop\/wp-json\/wp\/v2\/product_tag?post=120"}],"curies":[{"name":"wp","href":"https:\/\/api.w.org\/{rel}","templated":true}]}}