{"id":12,"date":"2022-02-15T12:53:40","date_gmt":"2022-02-15T11:53:40","guid":{"rendered":"https:\/\/www.4itk.de\/shop\/?post_type=product&#038;p=12"},"modified":"2025-06-21T13:08:20","modified_gmt":"2025-06-21T11:08:20","slug":"kassensoftware-365-lite","status":"publish","type":"product","link":"https:\/\/www.4itk.de\/shop\/produkt\/kassensoftware-365-lite\/","title":{"rendered":"Kassensoftware 365 Lite"},"content":{"rendered":"<p>[et_pb_section fb_built=&#8220;1&#8243; _builder_version=&#8220;3.22&#8243; custom_padding=&#8220;0px||||false|false&#8220; global_colors_info=&#8220;{}&#8220;][et_pb_row _builder_version=&#8220;3.25&#8243; background_size=&#8220;initial&#8220; background_position=&#8220;top_left&#8220; background_repeat=&#8220;repeat&#8220; width=&#8220;100%&#8220; custom_padding=&#8220;0px||0px||false|false&#8220; global_colors_info=&#8220;{}&#8220;][et_pb_column type=&#8220;4_4&#8243; _builder_version=&#8220;3.25&#8243; custom_padding=&#8220;|||&#8220; global_colors_info=&#8220;{}&#8220; custom_padding__hover=&#8220;|||&#8220;][et_pb_wc_breadcrumb _builder_version=&#8220;3.0.47&#8243; global_colors_info=&#8220;{}&#8220;][\/et_pb_wc_breadcrumb][et_pb_wc_cart_notice _builder_version=&#8220;3.0.47&#8243; global_colors_info=&#8220;{}&#8220;][\/et_pb_wc_cart_notice][\/et_pb_column][\/et_pb_row][et_pb_row column_structure=&#8220;1_2,1_2&#8243; _builder_version=&#8220;3.25&#8243; background_size=&#8220;initial&#8220; background_position=&#8220;top_left&#8220; background_repeat=&#8220;repeat&#8220; width=&#8220;100%&#8220; custom_padding=&#8220;0px||||false|false&#8220; global_colors_info=&#8220;{}&#8220;][et_pb_column type=&#8220;1_2&#8243; _builder_version=&#8220;3.25&#8243; custom_padding=&#8220;|||&#8220; global_colors_info=&#8220;{}&#8220; custom_padding__hover=&#8220;|||&#8220;][et_pb_wc_images _builder_version=&#8220;3.0.47&#8243; global_colors_info=&#8220;{}&#8220;][\/et_pb_wc_images][\/et_pb_column][et_pb_column type=&#8220;1_2&#8243; _builder_version=&#8220;3.25&#8243; custom_padding=&#8220;|||&#8220; global_colors_info=&#8220;{}&#8220; custom_padding__hover=&#8220;|||&#8220;][et_pb_wc_title _builder_version=&#8220;4.13.1&#8243; global_colors_info=&#8220;{}&#8220;][\/et_pb_wc_title][et_pb_wc_rating _builder_version=&#8220;4.13.1&#8243; global_colors_info=&#8220;{}&#8220;][\/et_pb_wc_rating][et_pb_wc_price _builder_version=&#8220;3.0.47&#8243; global_colors_info=&#8220;{}&#8220;][\/et_pb_wc_price][et_pb_wc_add_to_cart _builder_version=&#8220;3.0.47&#8243; global_colors_info=&#8220;{}&#8220;][\/et_pb_wc_add_to_cart][et_pb_wc_meta _builder_version=&#8220;3.0.47&#8243; global_colors_info=&#8220;{}&#8220;][\/et_pb_wc_meta][\/et_pb_column][\/et_pb_row][et_pb_row _builder_version=&#8220;3.25&#8243; background_size=&#8220;initial&#8220; background_position=&#8220;top_left&#8220; background_repeat=&#8220;repeat&#8220; width=&#8220;100%&#8220; global_colors_info=&#8220;{}&#8220;][et_pb_column type=&#8220;4_4&#8243; _builder_version=&#8220;3.25&#8243; custom_padding=&#8220;|||&#8220; global_colors_info=&#8220;{}&#8220; custom_padding__hover=&#8220;|||&#8220;][et_pb_wc_upsells _builder_version=&#8220;3.0.47&#8243; global_colors_info=&#8220;{}&#8220;][\/et_pb_wc_upsells][et_pb_wc_tabs _builder_version=&#8220;4.13.1&#8243; _module_preset=&#8220;default&#8220; custom_padding=&#8220;|||30px||&#8220; global_colors_info=&#8220;{}&#8220;][\/et_pb_wc_tabs][\/et_pb_column][\/et_pb_row][\/et_pb_section]<\/p>\n","protected":false},"excerpt":{"rendered":"<div class=\"et_pb_row et_pb_row_2\">\n<div class=\"et_pb_column et_pb_column_4_4 et_pb_column_3 et_pb_css_mix_blend_mode_passthrough et-last-child\">\n<div class=\"et_pb_module et_pb_text et_pb_text_3 et_pb_text_align_left et_pb_bg_layout_light\">\n<div class=\"et_pb_text_inner\">\n<h2 class=\"sqrallwaysboxed\">AUFBAU DER KASSENOBERFL\u00c4CHE<\/h2>\n<div class=\"paragraph\">\n<p>Die Kassenoberfl\u00e4che unterteilt sich in die\u00a0<strong>3 Hauptbereiche<\/strong>\u00a0Artikelschnellwahltasten mit Warengruppenauswahl, Buchungsliste und Nummernblock.<\/p>\n<p>1. Die Artikelauswahl<\/p>\n<p>Die Artikelauswahl befindet sich im linken Bereich des Buchungsfensters. Im oberen Bereich erfolgt die Darstellung der\u00a0Artikelauswahltasten, deren Aufstellung sich nach der Aktivierung der Warengruppe im unteren Bereich des Buchungsfensters richtet. Innerhalb der Artikeltasten werden Bezeichnung und Bild des Artikels angezeigt. Erg\u00e4nzend gibt es die M\u00f6glichkeit f\u00fcr jede Wahltaste individuell die Farben f\u00fcr Schrift, Fl\u00e4che und Umrandung festzulegen. Die Gr\u00f6\u00dfe und Anordnung erfolgen entsprechend der Aufl\u00f6sung des eingesetzten Monitors und Benutzereinstellung im Verwaltungsbereich\u00a0Schnellwahltasten.<\/p>\n<p>2. Die Buchungsliste<\/p>\n<p>Der rechte obere Bereich ist f\u00fcr die Buchungsliste reserviert. Die Navigation (scrollen) erfolgt per Touchfunktion, je nach Art des Touchsystems auch per Wischfunktion. Erg\u00e4nzend kann die Navigation per Maus oder Tastatur erfolgen. Der jeweils mit dem blauen Balken markierte Artikel ist zur Bearbeitung per Funktionstasten im rechten unteren Teil des Fensters aktiviert.<\/p>\n<p>3. Der Nummernblock<\/p>\n<p>Der Nummernblock ist multifunktional und besitzt verschiedene Funktionen, die mit weiteren Bedienelementen zusammenarbeiten k\u00f6nnen.<\/p>\n<\/div>\n<\/div>\n<\/div>\n<\/div>\n<\/div>\n<div class=\"et_pb_row et_pb_row_3\">\n<div class=\"et_pb_column et_pb_column_4_4 et_pb_column_4 et_pb_css_mix_blend_mode_passthrough et-last-child\">\n<div class=\"et_pb_module et_pb_image et_pb_image_0\"><span class=\"et_pb_image_wrap \"><img loading=\"lazy\" decoding=\"async\" class=\"wp-image-907\" title=\"204 Kassenbetrieb - Oberfl\u00e4che\" src=\"https:\/\/i0.wp.com\/www.4itk.de\/wp-content\/uploads\/2021\/11\/204-Kassenbetrieb-Oberflaeche.jpg?resize=1080%2C705\" sizes=\"auto, (max-width: 1080px) 100vw, 1080px\" srcset=\"https:\/\/i0.wp.com\/www.4itk.de\/wp-content\/uploads\/2021\/11\/204-Kassenbetrieb-Oberflaeche.jpg?w=1920&amp;ssl=1 1920w, https:\/\/i0.wp.com\/www.4itk.de\/wp-content\/uploads\/2021\/11\/204-Kassenbetrieb-Oberflaeche.jpg?resize=300%2C196&amp;ssl=1 300w, https:\/\/i0.wp.com\/www.4itk.de\/wp-content\/uploads\/2021\/11\/204-Kassenbetrieb-Oberflaeche.jpg?resize=1024%2C668&amp;ssl=1 1024w, https:\/\/i0.wp.com\/www.4itk.de\/wp-content\/uploads\/2021\/11\/204-Kassenbetrieb-Oberflaeche.jpg?resize=768%2C501&amp;ssl=1 768w, https:\/\/i0.wp.com\/www.4itk.de\/wp-content\/uploads\/2021\/11\/204-Kassenbetrieb-Oberflaeche.jpg?resize=1536%2C1002&amp;ssl=1 1536w, https:\/\/i0.wp.com\/www.4itk.de\/wp-content\/uploads\/2021\/11\/204-Kassenbetrieb-Oberflaeche.jpg?resize=1080%2C705&amp;ssl=1 1080w, https:\/\/i0.wp.com\/www.4itk.de\/wp-content\/uploads\/2021\/11\/204-Kassenbetrieb-Oberflaeche.jpg?resize=1280%2C835&amp;ssl=1 1280w, https:\/\/i0.wp.com\/www.4itk.de\/wp-content\/uploads\/2021\/11\/204-Kassenbetrieb-Oberflaeche.jpg?resize=980%2C640&amp;ssl=1 980w, https:\/\/i0.wp.com\/www.4itk.de\/wp-content\/uploads\/2021\/11\/204-Kassenbetrieb-Oberflaeche.jpg?resize=480%2C313&amp;ssl=1 480w, https:\/\/i0.wp.com\/www.4itk.de\/wp-content\/uploads\/2021\/11\/204-Kassenbetrieb-Oberflaeche.jpg?resize=1320%2C861&amp;ssl=1 1320w, https:\/\/i0.wp.com\/www.4itk.de\/wp-content\/uploads\/2021\/11\/204-Kassenbetrieb-Oberflaeche.jpg?resize=600%2C392&amp;ssl=1 600w\" alt=\"\" width=\"756\" height=\"494\" \/><\/span><\/div>\n<\/div>\n<\/div>\n<div class=\"et_pb_row et_pb_row_4\">\n<div class=\"et_pb_column et_pb_column_4_4 et_pb_column_5 et_pb_css_mix_blend_mode_passthrough et-last-child\">\n<div class=\"et_pb_module et_pb_text et_pb_text_4 et_pb_text_align_left et_pb_bg_layout_light\">\n<div class=\"et_pb_text_inner\">\n<h2 class=\"sqrallwaysboxed\">VORGANG DES KASSIERENS<\/h2>\n<div class=\"paragraph\">\n<p>Die Artikel werden \u00fcber die Schnellwahltasten ausgew\u00e4hlt oder per Scanner erfasst und in der Buchungsliste aufgelistet.<\/p>\n<p>\u00dcber die Tasten auf dem Nummernblock k\u00f6nnen Funktionen ausgew\u00e4hlt werden, z.B.\u00a0Karten Zahlung\u00a0oder\u00a0BAR Zahlung.<\/p>\n<p>Bei\u00a0<strong>BAR Zahlung<\/strong>\u00a0wird der Betrag \u00fcber\u00a0<strong>Passend<\/strong>\u00a0zahlen oder \u00fcber die direkte Eingabe und anschlie\u00dfend\u00a0<strong>Betrag abkassieren<\/strong>\u00a0gebucht.<\/p>\n<p>Bei\u00a0<strong>Karten Zahlung<\/strong>\u00a0wird entweder direkt eine entsprechende Karte ausgew\u00e4hlt oder \u00fcber ein EC-Terminal die Zahlung durchgef\u00fchrt. Daf\u00fcr muss ein EC-Terminal angeschlossen und mit dem System verbunden sein.<\/p>\n<\/div>\n<\/div>\n<\/div>\n<\/div>\n<\/div>\n<div class=\"et_pb_row et_pb_row_5\">\n<div class=\"et_pb_column et_pb_column_4_4 et_pb_column_6 et_pb_css_mix_blend_mode_passthrough et-last-child\">\n<div class=\"et_pb_module et_pb_image et_pb_image_1\"><span class=\"et_pb_image_wrap \"><img loading=\"lazy\" decoding=\"async\" class=\"wp-image-908\" title=\"237 kassenbetrieb - kassiervorgang - bezahlen\" src=\"https:\/\/i1.wp.com\/www.4itk.de\/wp-content\/uploads\/2021\/11\/237-kassenbetrieb-kassiervorgang-bezahlen.jpg?resize=1080%2C700\" sizes=\"auto, (max-width: 1080px) 100vw, 1080px\" srcset=\"https:\/\/i1.wp.com\/www.4itk.de\/wp-content\/uploads\/2021\/11\/237-kassenbetrieb-kassiervorgang-bezahlen.jpg?w=1920&amp;ssl=1 1920w, https:\/\/i1.wp.com\/www.4itk.de\/wp-content\/uploads\/2021\/11\/237-kassenbetrieb-kassiervorgang-bezahlen.jpg?resize=300%2C195&amp;ssl=1 300w, https:\/\/i1.wp.com\/www.4itk.de\/wp-content\/uploads\/2021\/11\/237-kassenbetrieb-kassiervorgang-bezahlen.jpg?resize=1024%2C664&amp;ssl=1 1024w, https:\/\/i1.wp.com\/www.4itk.de\/wp-content\/uploads\/2021\/11\/237-kassenbetrieb-kassiervorgang-bezahlen.jpg?resize=768%2C498&amp;ssl=1 768w, https:\/\/i1.wp.com\/www.4itk.de\/wp-content\/uploads\/2021\/11\/237-kassenbetrieb-kassiervorgang-bezahlen.jpg?resize=1536%2C996&amp;ssl=1 1536w, https:\/\/i1.wp.com\/www.4itk.de\/wp-content\/uploads\/2021\/11\/237-kassenbetrieb-kassiervorgang-bezahlen.jpg?resize=1080%2C700&amp;ssl=1 1080w, https:\/\/i1.wp.com\/www.4itk.de\/wp-content\/uploads\/2021\/11\/237-kassenbetrieb-kassiervorgang-bezahlen.jpg?resize=1280%2C830&amp;ssl=1 1280w, https:\/\/i1.wp.com\/www.4itk.de\/wp-content\/uploads\/2021\/11\/237-kassenbetrieb-kassiervorgang-bezahlen.jpg?resize=980%2C635&amp;ssl=1 980w, https:\/\/i1.wp.com\/www.4itk.de\/wp-content\/uploads\/2021\/11\/237-kassenbetrieb-kassiervorgang-bezahlen.jpg?resize=480%2C311&amp;ssl=1 480w, https:\/\/i1.wp.com\/www.4itk.de\/wp-content\/uploads\/2021\/11\/237-kassenbetrieb-kassiervorgang-bezahlen.jpg?resize=1320%2C856&amp;ssl=1 1320w, https:\/\/i1.wp.com\/www.4itk.de\/wp-content\/uploads\/2021\/11\/237-kassenbetrieb-kassiervorgang-bezahlen.jpg?resize=600%2C389&amp;ssl=1 600w\" alt=\"\" width=\"756\" height=\"490\" \/><\/span><\/div>\n<\/div>\n<\/div>\n<div class=\"et_pb_row et_pb_row_6\">\n<div class=\"et_pb_column et_pb_column_4_4 et_pb_column_7 et_pb_css_mix_blend_mode_passthrough et-last-child\">\n<div class=\"et_pb_module et_pb_text et_pb_text_5 et_pb_text_align_left et_pb_bg_layout_light\">\n<div class=\"et_pb_text_inner\">\n<h2 class=\"sqrallwaysboxed\">KASSENABSCHLUSS<\/h2>\n<div class=\"paragraph\">\n<p>Der t\u00e4gliche\u00a0Kassenabschluss\u00a0wird auch als\u00a0Z-BON\u00a0bezeichnet. Dieser wird am Ende des Tages erstellt und dokumentiert alle Vorg\u00e4nge und Abrechnungen.<\/p>\n<p>Der\u00a0Kassenzwischenbericht\u00a0wird auch als\u00a0X-BON\u00a0bezeichnet. Er kann im Laufe des Tages als Zwischen\u00fcbersicht \u00fcber alle Vorg\u00e4nge und Abrechnungen erstellt werden.<\/p>\n<p>Der X-BON Zwischenbericht wird sofort \u00fcber den angeschlossenen Bondrucker ausgedruckt.<\/p>\n<p>Bei dem Ausf\u00fchren des\u00a0Z-BON Kassenabschluss\u00a0\u00f6ffnet sich das Fenster\u00a0Kassenabschluss mit Z\u00e4hlbrett. Im Z\u00e4hlbrett wird der gez\u00e4hlte Kassenbestand eingetragen. Dieser erscheint dann als Summe im rechten Bereich unter\u00a0Gez\u00e4hlter Bestand. Es wird der Kassenbestand eingetragen, der in der Kasse als Barbestand bestehen bleiben soll. Dieser wird beim n\u00e4chsten Kassenstart als\u00a0Anfangsbestand\u00a0abgefragt. Der\u00a0Vorgang Z-BON Kassenabschluss\u00a0wird mit\u00a0Abschluss buchen\u00a0ausgef\u00fchrt. Ein Ausdruck erfolgt \u00fcber den angeschlossenen Bondrucker.<\/p>\n<\/div>\n<\/div>\n<\/div>\n<\/div>\n<\/div>\n","protected":false},"featured_media":42,"comment_status":"open","ping_status":"closed","template":"","meta":{"_et_pb_use_builder":"on","_et_pb_old_content":"<div class=\"et_pb_row et_pb_row_2\">\r\n<div class=\"et_pb_column et_pb_column_4_4 et_pb_column_3 et_pb_css_mix_blend_mode_passthrough et-last-child\">\r\n<div class=\"et_pb_module et_pb_text et_pb_text_3 et_pb_text_align_left et_pb_bg_layout_light\">\r\n<div class=\"et_pb_text_inner\">\r\n<div class=\"et_pb_row et_pb_row_2\">\r\n<div class=\"et_pb_column et_pb_column_4_4 et_pb_column_3 et_pb_css_mix_blend_mode_passthrough et-last-child\">\r\n<div class=\"et_pb_module et_pb_text et_pb_text_3 et_pb_text_align_left et_pb_bg_layout_light\">\r\n<div class=\"et_pb_text_inner\">\r\n<h2 class=\"sqrallwaysboxed\">AUFBAU DER KASSENOBERFL\u00c4CHE<\/h2>\r\n<div class=\"paragraph\">\r\n\r\nDie Kassenoberfl\u00e4che unterteilt sich in die\u00a0<strong>3 Hauptbereiche<\/strong>\u00a0Artikelschnellwahltasten mit Warengruppenauswahl, Buchungsliste und Nummernblock.\r\n\r\n1. Die Artikelauswahl\r\n\r\nDie Artikelauswahl befindet sich im linken Bereich des Buchungsfensters. Im oberen Bereich erfolgt die Darstellung der\u00a0Artikelauswahltasten, deren Aufstellung sich nach der Aktivierung der Warengruppe im unteren Bereich des Buchungsfensters richtet. Innerhalb der Artikeltasten werden Bezeichnung und Bild des Artikels angezeigt. Erg\u00e4nzend gibt es die M\u00f6glichkeit f\u00fcr jede Wahltaste individuell die Farben f\u00fcr Schrift, Fl\u00e4che und Umrandung festzulegen. Die Gr\u00f6\u00dfe und Anordnung erfolgen entsprechend der Aufl\u00f6sung des eingesetzten Monitors und Benutzereinstellung im Verwaltungsbereich\u00a0Schnellwahltasten.\r\n\r\n2. Die Buchungsliste\r\n\r\nDer rechte obere Bereich ist f\u00fcr die Buchungsliste reserviert. Die Navigation (scrollen) erfolgt per Touchfunktion, je nach Art des Touchsystems auch per Wischfunktion. Erg\u00e4nzend kann die Navigation per Maus oder Tastatur erfolgen. Der jeweils mit dem blauen Balken markierte Artikel ist zur Bearbeitung per Funktionstasten im rechten unteren Teil des Fensters aktiviert.\r\n\r\n3. Der Nummernblock\r\n\r\nDer Nummernblock ist multifunktional und besitzt verschiedene Funktionen, die mit weiteren Bedienelementen zusammenarbeiten k\u00f6nnen.\r\n\r\n<\/div>\r\n<\/div>\r\n<\/div>\r\n<\/div>\r\n<\/div>\r\n<div class=\"et_pb_row et_pb_row_3\">\r\n<div class=\"et_pb_column et_pb_column_4_4 et_pb_column_4 et_pb_css_mix_blend_mode_passthrough et-last-child\">\r\n<div class=\"et_pb_module et_pb_image et_pb_image_0\"><span class=\"et_pb_image_wrap \"><img class=\"wp-image-907\" title=\"204 Kassenbetrieb - Oberfl\u00e4che\" src=\"https:\/\/i0.wp.com\/www.4itk.de\/wp-content\/uploads\/2021\/11\/204-Kassenbetrieb-Oberflaeche.jpg?resize=1080%2C705\" alt=\"\" width=\"756\" height=\"494\" \/><\/span><\/div>\r\n<\/div>\r\n<\/div>\r\n<div class=\"et_pb_row et_pb_row_4\">\r\n<div class=\"et_pb_column et_pb_column_4_4 et_pb_column_5 et_pb_css_mix_blend_mode_passthrough et-last-child\">\r\n<div class=\"et_pb_module et_pb_text et_pb_text_4 et_pb_text_align_left et_pb_bg_layout_light\">\r\n<div class=\"et_pb_text_inner\">\r\n<h2 class=\"sqrallwaysboxed\">VORGANG DES KASSIERENS<\/h2>\r\n<div class=\"paragraph\">\r\n\r\nDie Artikel werden \u00fcber die Schnellwahltasten ausgew\u00e4hlt oder per Scanner erfasst und in der Buchungsliste aufgelistet.\r\n\r\n\u00dcber die Tasten auf dem Nummernblock k\u00f6nnen Funktionen ausgew\u00e4hlt werden, z.B.\u00a0Karten Zahlung\u00a0oder\u00a0BAR Zahlung.\r\n\r\nBei\u00a0<strong>BAR Zahlung<\/strong>\u00a0wird der Betrag \u00fcber\u00a0<strong>Passend<\/strong>\u00a0zahlen oder \u00fcber die direkte Eingabe und anschlie\u00dfend\u00a0<strong>Betrag abkassieren<\/strong>\u00a0gebucht.\r\n\r\nBei\u00a0<strong>Karten Zahlung<\/strong>\u00a0wird entweder direkt eine entsprechende Karte ausgew\u00e4hlt oder \u00fcber ein EC-Terminal die Zahlung durchgef\u00fchrt. Daf\u00fcr muss ein EC-Terminal angeschlossen und mit dem System verbunden sein.\r\n\r\n<\/div>\r\n<\/div>\r\n<\/div>\r\n<\/div>\r\n<\/div>\r\n<div class=\"et_pb_row et_pb_row_5\">\r\n<div class=\"et_pb_column et_pb_column_4_4 et_pb_column_6 et_pb_css_mix_blend_mode_passthrough et-last-child\">\r\n<div class=\"et_pb_module et_pb_image et_pb_image_1\"><span class=\"et_pb_image_wrap \"><img class=\"wp-image-908\" title=\"237 kassenbetrieb - kassiervorgang - bezahlen\" src=\"https:\/\/i1.wp.com\/www.4itk.de\/wp-content\/uploads\/2021\/11\/237-kassenbetrieb-kassiervorgang-bezahlen.jpg?resize=1080%2C700\" alt=\"\" width=\"756\" height=\"490\" \/><\/span><\/div>\r\n<\/div>\r\n<\/div>\r\n<div class=\"et_pb_row et_pb_row_6\">\r\n<div class=\"et_pb_column et_pb_column_4_4 et_pb_column_7 et_pb_css_mix_blend_mode_passthrough et-last-child\">\r\n<div class=\"et_pb_module et_pb_text et_pb_text_5 et_pb_text_align_left et_pb_bg_layout_light\">\r\n<div class=\"et_pb_text_inner\">\r\n<h2 class=\"sqrallwaysboxed\">KASSENABSCHLUSS<\/h2>\r\n<div class=\"paragraph\">\r\n\r\nDer t\u00e4gliche\u00a0Kassenabschluss\u00a0wird auch als\u00a0Z-BON\u00a0bezeichnet. Dieser wird am Ende des Tages erstellt und dokumentiert alle Vorg\u00e4nge und Abrechnungen.\r\n\r\nDer\u00a0Kassenzwischenbericht\u00a0wird auch als\u00a0X-BON\u00a0bezeichnet. Er kann im Laufe des Tages als Zwischen\u00fcbersicht \u00fcber alle Vorg\u00e4nge und Abrechnungen erstellt werden.\r\n\r\nDer X-BON Zwischenbericht wird sofort \u00fcber den angeschlossenen Bondrucker ausgedruckt.\r\n\r\nBei dem Ausf\u00fchren des\u00a0Z-BON Kassenabschluss\u00a0\u00f6ffnet sich das Fenster\u00a0Kassenabschluss mit Z\u00e4hlbrett. Im Z\u00e4hlbrett wird der gez\u00e4hlte Kassenbestand eingetragen. Dieser erscheint dann als Summe im rechten Bereich unter\u00a0Gez\u00e4hlter Bestand. Es wird der Kassenbestand eingetragen, der in der Kasse als Barbestand bestehen bleiben soll. Dieser wird beim n\u00e4chsten Kassenstart als\u00a0Anfangsbestand\u00a0abgefragt. Der\u00a0Vorgang Z-BON Kassenabschluss\u00a0wird mit\u00a0Abschluss buchen\u00a0ausgef\u00fchrt. Ein Ausdruck erfolgt \u00fcber den angeschlossenen Bondrucker.\r\n\r\n<\/div>\r\n<\/div>\r\n<\/div>\r\n<\/div>\r\n<\/div>\r\n<\/div>\r\n<\/div>\r\n<\/div>\r\n<\/div>","_et_gb_content_width":""},"product_cat":[16],"product_tag":[],"class_list":["post-12","product","type-product","status-publish","has-post-thumbnail","hentry","product_cat-software"],"_links":{"self":[{"href":"https:\/\/www.4itk.de\/shop\/wp-json\/wp\/v2\/product\/12","targetHints":{"allow":["GET"]}}],"collection":[{"href":"https:\/\/www.4itk.de\/shop\/wp-json\/wp\/v2\/product"}],"about":[{"href":"https:\/\/www.4itk.de\/shop\/wp-json\/wp\/v2\/types\/product"}],"replies":[{"embeddable":true,"href":"https:\/\/www.4itk.de\/shop\/wp-json\/wp\/v2\/comments?post=12"}],"wp:featuredmedia":[{"embeddable":true,"href":"https:\/\/www.4itk.de\/shop\/wp-json\/wp\/v2\/media\/42"}],"wp:attachment":[{"href":"https:\/\/www.4itk.de\/shop\/wp-json\/wp\/v2\/media?parent=12"}],"wp:term":[{"taxonomy":"product_cat","embeddable":true,"href":"https:\/\/www.4itk.de\/shop\/wp-json\/wp\/v2\/product_cat?post=12"},{"taxonomy":"product_tag","embeddable":true,"href":"https:\/\/www.4itk.de\/shop\/wp-json\/wp\/v2\/product_tag?post=12"}],"curies":[{"name":"wp","href":"https:\/\/api.w.org\/{rel}","templated":true}]}}